{"id":16,"date":"2016-12-30T10:29:25","date_gmt":"2016-12-30T10:29:25","guid":{"rendered":"http:\/\/sowah.de\/?page_id=16"},"modified":"2018-09-17T09:16:50","modified_gmt":"2018-09-17T09:16:50","slug":"schreiben-ist-gold","status":"publish","type":"page","link":"https:\/\/www.sowah.de\/","title":{"rendered":"Das biete ich"},"content":{"rendered":"<p>Als Freelancerin seit 11 Jahren selbst\u00e4ndig, war ich die letzten 2 1\/ 2 Jahren f\u00fcr agile Projekte t\u00e4tig.<br \/>\nInzwischen auch zertifiziert. Als Professional Scrum Master (PSM I).<\/p>\n<p><img loading=\"lazy\" decoding=\"async\" class=\"wp-image-75 aligncenter\" src=\"http:\/\/sowah.de\/wp-content\/uploads\/2018\/09\/PSM-I-Certification-1-300x235.png\" alt=\"\" width=\"229\" height=\"179\" srcset=\"http:\/\/sowah.de\/wp-content\/uploads\/2018\/09\/PSM-I-Certification-1-300x235.png 300w, http:\/\/sowah.de\/wp-content\/uploads\/2018\/09\/PSM-I-Certification-1.png 500w\" sizes=\"auto, (max-width: 229px) 100vw, 229px\" \/><\/p>\n<p>Das Framework hat mich infiziert. Verantwortung zu tragen, abzugeben und gemeinsam die Arbeit immer wieder zu \u00fcberpr\u00fcfen mit dem Mut, zu \u00e4ndern, zu modifizieren und offen zu sein f\u00fcr neue Richtungen: Das ist gro\u00dfartig!<\/p>\n<p>Scrum ist Offenheit, Respekt und Commitment f\u00fcr ein kreatives, selbst\u00e4ndiges Arbeiten an einem gemeinsamen Ziel, das sich immer wieder neu erfinden kann.<\/p>\n<p><a href=\"http:\/\/www.sowah.de\/?page_id=42\">Reden wir!<\/a><\/p>\n<p><a href=\"http:\/\/www.sowah.de\/?page_id=26&amp;preview=true\">Was zuvor geschah<\/a><\/p>\n<p style=\"text-align: center;\"><a href=\"http:\/\/sowah.de\/?page_id=64&amp;preview=true\"><span style=\"font-size: small;\">Impressum<\/span><\/a><\/p>\n","protected":false},"excerpt":{"rendered":"<p>Als Freelancerin seit 11 Jahren selbst\u00e4ndig, war ich die letzten 2 1\/ 2 Jahren f\u00fcr agile Projekte t\u00e4tig. Inzwischen auch zertifiziert. Als Professional Scrum Master (PSM I). Das Framework hat mich infiziert. Verantwortung zu tragen, abzugeben und gemeinsam die Arbeit immer wieder zu \u00fcberpr\u00fcfen mit dem Mut, zu \u00e4ndern, zu modifizieren und offen zu sein &hellip; <\/p>\n<p class=\"link-more\"><a href=\"https:\/\/www.sowah.de\/\" class=\"more-link\"><span class=\"screen-reader-text\">\u201eDas biete ich\u201c <\/span>weiterlesen<\/a><\/p>\n","protected":false},"author":1,"featured_media":0,"parent":0,"menu_order":0,"comment_status":"closed","ping_status":"closed","template":"","meta":{"footnotes":""},"class_list":["post-16","page","type-page","status-publish","hentry"],"_links":{"self":[{"href":"https:\/\/www.sowah.de\/index.php?rest_route=\/wp\/v2\/pages\/16","targetHints":{"allow":["GET"]}}],"collection":[{"href":"https:\/\/www.sowah.de\/index.php?rest_route=\/wp\/v2\/pages"}],"about":[{"href":"https:\/\/www.sowah.de\/index.php?rest_route=\/wp\/v2\/types\/page"}],"author":[{"embeddable":true,"href":"https:\/\/www.sowah.de\/index.php?rest_route=\/wp\/v2\/users\/1"}],"replies":[{"embeddable":true,"href":"https:\/\/www.sowah.de\/index.php?rest_route=%2Fwp%2Fv2%2Fcomments&post=16"}],"version-history":[{"count":20,"href":"https:\/\/www.sowah.de\/index.php?rest_route=\/wp\/v2\/pages\/16\/revisions"}],"predecessor-version":[{"id":87,"href":"https:\/\/www.sowah.de\/index.php?rest_route=\/wp\/v2\/pages\/16\/revisions\/87"}],"wp:attachment":[{"href":"https:\/\/www.sowah.de\/index.php?rest_route=%2Fwp%2Fv2%2Fmedia&parent=16"}],"curies":[{"name":"wp","href":"https:\/\/api.w.org\/{rel}","templated":true}]}}